{"id":1255,"date":"2025-07-03T10:00:52","date_gmt":"2025-07-03T08:00:52","guid":{"rendered":"http:\/\/localhost\/tqeurocredit\/iniciatives\/trofeu-espiga-a-la-millor-rsc\/"},"modified":"2026-07-27T10:29:56","modified_gmt":"2026-07-27T08:29:56","slug":"trofeu-espiga-a-la-millor-rsc","status":"publish","type":"page","link":"https:\/\/www.fundaciofarineragirona.cat\/es\/iniciatives\/trofeu-espiga-a-la-millor-rsc\/","title":{"rendered":"Trofeu Espiga a la Millor RSC"},"content":{"rendered":"<p class=\"isSelectedEnd\">El <strong>Trofeu Espiga a la Millor RSC<\/strong> es un reconocimiento anual impulsado por la Fundaci\u00f3 Farinera Girona que pone en valor el compromiso de personas, empresas y organizaciones con la responsabilidad social y la transformaci\u00f3n positiva del territorio.<\/p>\n<p class=\"isSelectedEnd\">Este galard\u00f3n nace con el objetivo de dar visibilidad a aquellas iniciativas que destacan por su contribuci\u00f3n a la responsabilidad social corporativa, la innovaci\u00f3n social y la construcci\u00f3n de un modelo econ\u00f3mico m\u00e1s sostenible, inclusivo y comprometido con las personas.<\/p>\n<p class=\"isSelectedEnd\">M\u00e1s all\u00e1 del reconocimiento, el Trofeu Espiga a la Millor RSC pretende inspirar y poner en valor proyectos que integran la responsabilidad social en su actividad diaria, generando un impacto positivo en la sociedad, el medio ambiente y el desarrollo de las comarcas de Girona.<\/p>\n<p>Con esta iniciativa, la Fundaci\u00f3 Farinera Girona reafirma su compromiso con la promoci\u00f3n de un tejido empresarial responsable, el impulso del talento y el reconocimiento de aquellas organizaciones que contribuyen activamente al progreso social, econ\u00f3mico y ambiental del territorio.<\/p>\n","protected":false},"excerpt":{"rendered":"<p>El Trofeu Espiga a la Millor RSC es un reconocimiento anual impulsado por la Fundaci\u00f3 Farinera Girona que pone en valor el compromiso de personas, empresas y organizaciones con la responsabilidad social y la transformaci\u00f3n positiva del territorio. Este galard\u00f3n nace con el objetivo de dar visibilidad a aquellas iniciativas que destacan por su contribuci\u00f3n [&hellip;]<\/p>\n","protected":false},"author":1,"featured_media":0,"parent":1245,"menu_order":49,"comment_status":"closed","ping_status":"closed","template":"premis-espiga.php","meta":{"_acf_changed":false,"inline_featured_image":false,"footnotes":"","_links_to":"","_links_to_target":""},"class_list":["post-1255","page","type-page","status-publish","hentry"],"acf":[],"yoast_head":"<!-- This site is optimized with the Yoast SEO plugin v27.4 - https:\/\/yoast.com\/product\/yoast-seo-wordpress\/ -->\n<title>Trofeu Espiga a la Millor RSC - Fundaci\u00f3 Farinera Girona<\/title>\n<meta name=\"description\" content=\"Coincidint amb la diada de Sant Jordi, la Fundaci\u00f3 Farinera Girona celebra anualment el seu acte: els\u00a0Premis a l&#039;Acci\u00f3 i l&#039;Emprenedoria Social.\" \/>\n<meta name=\"robots\" content=\"index, follow, max-snippet:-1, max-image-preview:large, max-video-preview:-1\" \/>\n<link rel=\"canonical\" href=\"https:\/\/www.fundaciofarineragirona.cat\/es\/iniciatives\/trofeu-espiga-a-la-millor-rsc\/\" \/>\n<meta property=\"og:locale\" content=\"es_ES\" \/>\n<meta property=\"og:type\" content=\"article\" \/>\n<meta property=\"og:title\" content=\"Trofeu Espiga a la Millor RSC - Fundaci\u00f3 Farinera Girona\" \/>\n<meta property=\"og:description\" content=\"Coincidint amb la diada de Sant Jordi, la Fundaci\u00f3 Farinera Girona celebra anualment el seu acte: els\u00a0Premis a l&#039;Acci\u00f3 i l&#039;Emprenedoria Social.\" \/>\n<meta property=\"og:url\" content=\"https:\/\/www.fundaciofarineragirona.cat\/es\/iniciatives\/trofeu-espiga-a-la-millor-rsc\/\" \/>\n<meta property=\"og:site_name\" content=\"Fundaci\u00f3 Farinera Girona\" \/>\n<meta property=\"article:modified_time\" content=\"2026-07-27T08:29:56+00:00\" \/>\n<meta name=\"twitter:card\" content=\"summary_large_image\" \/>\n<meta name=\"twitter:label1\" content=\"Tiempo de lectura\" \/>\n\t<meta name=\"twitter:data1\" content=\"1 minuto\" \/>\n<script type=\"application\/ld+json\" class=\"yoast-schema-graph\">{\"@context\":\"https:\\\/\\\/schema.org\",\"@graph\":[{\"@type\":\"WebPage\",\"@id\":\"https:\\\/\\\/www.fundaciofarineragirona.cat\\\/es\\\/iniciatives\\\/trofeu-espiga-a-la-millor-rsc\\\/\",\"url\":\"https:\\\/\\\/www.fundaciofarineragirona.cat\\\/es\\\/iniciatives\\\/trofeu-espiga-a-la-millor-rsc\\\/\",\"name\":\"Trofeu Espiga a la Millor RSC - Fundaci\u00f3 Farinera Girona\",\"isPartOf\":{\"@id\":\"https:\\\/\\\/www.fundaciofarineragirona.cat\\\/es\\\/#website\"},\"datePublished\":\"2025-07-03T08:00:52+00:00\",\"dateModified\":\"2026-07-27T08:29:56+00:00\",\"description\":\"Coincidint amb la diada de Sant Jordi, la Fundaci\u00f3 Farinera Girona celebra anualment el seu acte: els\u00a0Premis a l'Acci\u00f3 i l'Emprenedoria Social.\",\"breadcrumb\":{\"@id\":\"https:\\\/\\\/www.fundaciofarineragirona.cat\\\/es\\\/iniciatives\\\/trofeu-espiga-a-la-millor-rsc\\\/#breadcrumb\"},\"inLanguage\":\"es\",\"potentialAction\":[{\"@type\":\"ReadAction\",\"target\":[\"https:\\\/\\\/www.fundaciofarineragirona.cat\\\/es\\\/iniciatives\\\/trofeu-espiga-a-la-millor-rsc\\\/\"]}]},{\"@type\":\"BreadcrumbList\",\"@id\":\"https:\\\/\\\/www.fundaciofarineragirona.cat\\\/es\\\/iniciatives\\\/trofeu-espiga-a-la-millor-rsc\\\/#breadcrumb\",\"itemListElement\":[{\"@type\":\"ListItem\",\"position\":1,\"name\":\"Inici\",\"item\":\"https:\\\/\\\/www.fundaciofarineragirona.cat\\\/es\\\/\"},{\"@type\":\"ListItem\",\"position\":2,\"name\":\"Iniciativas\",\"item\":\"\\\/\"},{\"@type\":\"ListItem\",\"position\":3,\"name\":\"Trofeu Espiga a la Millor RSC\"}]},{\"@type\":\"WebSite\",\"@id\":\"https:\\\/\\\/www.fundaciofarineragirona.cat\\\/es\\\/#website\",\"url\":\"https:\\\/\\\/www.fundaciofarineragirona.cat\\\/es\\\/\",\"name\":\"Fundaci\u00f3 Farinera Girona\",\"description\":\"Impulsem talent, transformem territori\",\"potentialAction\":[{\"@type\":\"SearchAction\",\"target\":{\"@type\":\"EntryPoint\",\"urlTemplate\":\"https:\\\/\\\/www.fundaciofarineragirona.cat\\\/es\\\/?s={search_term_string}\"},\"query-input\":{\"@type\":\"PropertyValueSpecification\",\"valueRequired\":true,\"valueName\":\"search_term_string\"}}],\"inLanguage\":\"es\"}]}<\/script>\n<!-- \/ Yoast SEO plugin. -->","yoast_head_json":{"title":"Trofeu Espiga a la Millor RSC - Fundaci\u00f3 Farinera Girona","description":"Coincidint amb la diada de Sant Jordi, la Fundaci\u00f3 Farinera Girona celebra anualment el seu acte: els\u00a0Premis a l'Acci\u00f3 i l'Emprenedoria Social.","robots":{"index":"index","follow":"follow","max-snippet":"max-snippet:-1","max-image-preview":"max-image-preview:large","max-video-preview":"max-video-preview:-1"},"canonical":"https:\/\/www.fundaciofarineragirona.cat\/es\/iniciatives\/trofeu-espiga-a-la-millor-rsc\/","og_locale":"es_ES","og_type":"article","og_title":"Trofeu Espiga a la Millor RSC - Fundaci\u00f3 Farinera Girona","og_description":"Coincidint amb la diada de Sant Jordi, la Fundaci\u00f3 Farinera Girona celebra anualment el seu acte: els\u00a0Premis a l'Acci\u00f3 i l'Emprenedoria Social.","og_url":"https:\/\/www.fundaciofarineragirona.cat\/es\/iniciatives\/trofeu-espiga-a-la-millor-rsc\/","og_site_name":"Fundaci\u00f3 Farinera Girona","article_modified_time":"2026-07-27T08:29:56+00:00","twitter_card":"summary_large_image","twitter_misc":{"Tiempo de lectura":"1 minuto"},"schema":{"@context":"https:\/\/schema.org","@graph":[{"@type":"WebPage","@id":"https:\/\/www.fundaciofarineragirona.cat\/es\/iniciatives\/trofeu-espiga-a-la-millor-rsc\/","url":"https:\/\/www.fundaciofarineragirona.cat\/es\/iniciatives\/trofeu-espiga-a-la-millor-rsc\/","name":"Trofeu Espiga a la Millor RSC - Fundaci\u00f3 Farinera Girona","isPartOf":{"@id":"https:\/\/www.fundaciofarineragirona.cat\/es\/#website"},"datePublished":"2025-07-03T08:00:52+00:00","dateModified":"2026-07-27T08:29:56+00:00","description":"Coincidint amb la diada de Sant Jordi, la Fundaci\u00f3 Farinera Girona celebra anualment el seu acte: els\u00a0Premis a l'Acci\u00f3 i l'Emprenedoria Social.","breadcrumb":{"@id":"https:\/\/www.fundaciofarineragirona.cat\/es\/iniciatives\/trofeu-espiga-a-la-millor-rsc\/#breadcrumb"},"inLanguage":"es","potentialAction":[{"@type":"ReadAction","target":["https:\/\/www.fundaciofarineragirona.cat\/es\/iniciatives\/trofeu-espiga-a-la-millor-rsc\/"]}]},{"@type":"BreadcrumbList","@id":"https:\/\/www.fundaciofarineragirona.cat\/es\/iniciatives\/trofeu-espiga-a-la-millor-rsc\/#breadcrumb","itemListElement":[{"@type":"ListItem","position":1,"name":"Inici","item":"https:\/\/www.fundaciofarineragirona.cat\/es\/"},{"@type":"ListItem","position":2,"name":"Iniciativas","item":"\/"},{"@type":"ListItem","position":3,"name":"Trofeu Espiga a la Millor RSC"}]},{"@type":"WebSite","@id":"https:\/\/www.fundaciofarineragirona.cat\/es\/#website","url":"https:\/\/www.fundaciofarineragirona.cat\/es\/","name":"Fundaci\u00f3 Farinera Girona","description":"Impulsem talent, transformem territori","potentialAction":[{"@type":"SearchAction","target":{"@type":"EntryPoint","urlTemplate":"https:\/\/www.fundaciofarineragirona.cat\/es\/?s={search_term_string}"},"query-input":{"@type":"PropertyValueSpecification","valueRequired":true,"valueName":"search_term_string"}}],"inLanguage":"es"}]}},"_links":{"self":[{"href":"https:\/\/www.fundaciofarineragirona.cat\/es\/wp-json\/wp\/v2\/pages\/1255","targetHints":{"allow":["GET"]}}],"collection":[{"href":"https:\/\/www.fundaciofarineragirona.cat\/es\/wp-json\/wp\/v2\/pages"}],"about":[{"href":"https:\/\/www.fundaciofarineragirona.cat\/es\/wp-json\/wp\/v2\/types\/page"}],"author":[{"embeddable":true,"href":"https:\/\/www.fundaciofarineragirona.cat\/es\/wp-json\/wp\/v2\/users\/1"}],"replies":[{"embeddable":true,"href":"https:\/\/www.fundaciofarineragirona.cat\/es\/wp-json\/wp\/v2\/comments?post=1255"}],"version-history":[{"count":3,"href":"https:\/\/www.fundaciofarineragirona.cat\/es\/wp-json\/wp\/v2\/pages\/1255\/revisions"}],"predecessor-version":[{"id":2426,"href":"https:\/\/www.fundaciofarineragirona.cat\/es\/wp-json\/wp\/v2\/pages\/1255\/revisions\/2426"}],"up":[{"embeddable":true,"href":"https:\/\/www.fundaciofarineragirona.cat\/es\/wp-json\/wp\/v2\/pages\/1245"}],"wp:attachment":[{"href":"https:\/\/www.fundaciofarineragirona.cat\/es\/wp-json\/wp\/v2\/media?parent=1255"}],"curies":[{"name":"wp","href":"https:\/\/api.w.org\/{rel}","templated":true}]}}

<p class="isSelectedEnd">El <strong>Trofeu Espiga a la Millor RSC</strong> es un reconocimiento anual impulsado por la Fundació Farinera Girona que pone en valor el compromiso de personas, empresas y organizaciones con la responsabilidad social y la transformación positiva del territorio.</p>
<p class="isSelectedEnd">Este galardón nace con el objetivo de dar visibilidad a aquellas iniciativas que destacan por su contribución a la responsabilidad social corporativa, la innovación social y la construcción de un modelo económico más sostenible, inclusivo y comprometido con las personas.</p>
<p class="isSelectedEnd">Más allá del reconocimiento, el Trofeu Espiga a la Millor RSC pretende inspirar y poner en valor proyectos que integran la responsabilidad social en su actividad diaria, generando un impacto positivo en la sociedad, el medio ambiente y el desarrollo de las comarcas de Girona.</p>
<p>Con esta iniciativa, la Fundació Farinera Girona reafirma su compromiso con la promoción de un tejido empresarial responsable, el impulso del talento y el reconocimiento de aquellas organizaciones que contribuyen activamente al progreso social, económico y ambiental del territorio.</p>

<p>El Trofeu Espiga a la Millor RSC es un reconocimiento anual impulsado por la Fundació Farinera Girona que pone en valor el compromiso de personas, empresas y organizaciones con la responsabilidad social y la transformación positiva del territorio. Este galardón nace con el objetivo de dar visibilidad a aquellas iniciativas que destacan por su contribución [&hellip;]</p>

<!-- This site is optimized with the Yoast SEO plugin v27.4 - https://yoast.com/product/yoast-seo-wordpress/ -->
<title>Trofeu Espiga a la Millor RSC - Fundació Farinera Girona</title>
<meta name="description" content="Coincidint amb la diada de Sant Jordi, la Fundació Farinera Girona celebra anualment el seu acte: els Premis a l&#039;Acció i l&#039;Emprenedoria Social." />
<meta name="robots" content="index, follow, max-snippet:-1, max-image-preview:large, max-video-preview:-1" />
<link rel="canonical" href="https://www.fundaciofarineragirona.cat/es/iniciatives/trofeu-espiga-a-la-millor-rsc/" />
<meta property="og:locale" content="es_ES" />
<meta property="og:type" content="article" />
<meta property="og:title" content="Trofeu Espiga a la Millor RSC - Fundació Farinera Girona" />
<meta property="og:description" content="Coincidint amb la diada de Sant Jordi, la Fundació Farinera Girona celebra anualment el seu acte: els Premis a l&#039;Acció i l&#039;Emprenedoria Social." />
<meta property="og:url" content="https://www.fundaciofarineragirona.cat/es/iniciatives/trofeu-espiga-a-la-millor-rsc/" />
<meta property="og:site_name" content="Fundació Farinera Girona" />
<meta property="article:modified_time" content="2026-07-27T08:29:56+00:00" />
<meta name="twitter:card" content="summary_large_image" />
<meta name="twitter:label1" content="Tiempo de lectura" />
	<meta name="twitter:data1" content="1 minuto" />
<script type="application/ld+json" class="yoast-schema-graph">{"@context":"https:\/\/schema.org","@graph":[{"@type":"WebPage","@id":"https:\/\/www.fundaciofarineragirona.cat\/es\/iniciatives\/trofeu-espiga-a-la-millor-rsc\/","url":"https:\/\/www.fundaciofarineragirona.cat\/es\/iniciatives\/trofeu-espiga-a-la-millor-rsc\/","name":"Trofeu Espiga a la Millor RSC - Fundació Farinera Girona","isPartOf":{"@id":"https:\/\/www.fundaciofarineragirona.cat\/es\/#website"},"datePublished":"2025-07-03T08:00:52+00:00","dateModified":"2026-07-27T08:29:56+00:00","description":"Coincidint amb la diada de Sant Jordi, la Fundació Farinera Girona celebra anualment el seu acte: els Premis a l'Acció i l'Emprenedoria Social.","breadcrumb":{"@id":"https:\/\/www.fundaciofarineragirona.cat\/es\/iniciatives\/trofeu-espiga-a-la-millor-rsc\/#breadcrumb"},"inLanguage":"es","potentialAction":[{"@type":"ReadAction","target":["https:\/\/www.fundaciofarineragirona.cat\/es\/iniciatives\/trofeu-espiga-a-la-millor-rsc\/"]}]},{"@type":"BreadcrumbList","@id":"https:\/\/www.fundaciofarineragirona.cat\/es\/iniciatives\/trofeu-espiga-a-la-millor-rsc\/#breadcrumb","itemListElement":[{"@type":"ListItem","position":1,"name":"Inici","item":"https:\/\/www.fundaciofarineragirona.cat\/es\/"},{"@type":"ListItem","position":2,"name":"Iniciativas","item":"\/"},{"@type":"ListItem","position":3,"name":"Trofeu Espiga a la Millor RSC"}]},{"@type":"WebSite","@id":"https:\/\/www.fundaciofarineragirona.cat\/es\/#website","url":"https:\/\/www.fundaciofarineragirona.cat\/es\/","name":"Fundació Farinera Girona","description":"Impulsem talent, transformem territori","potentialAction":[{"@type":"SearchAction","target":{"@type":"EntryPoint","urlTemplate":"https:\/\/www.fundaciofarineragirona.cat\/es\/?s={search_term_string}"},"query-input":{"@type":"PropertyValueSpecification","valueRequired":true,"valueName":"search_term_string"}}],"inLanguage":"es"}]}</script>
<!-- / Yoast SEO plugin. -->

Trofeu Espiga a la Millor RSC - Fundació Farinera Girona

Coincidint amb la diada de Sant Jordi, la Fundació Farinera Girona celebra anualment el seu acte: els Premis a l'Acció i l'Emprenedoria Social.

Fundació Farinera Girona
