{"id":1246,"date":"2026-01-08T22:07:22","date_gmt":"2026-01-08T20:07:22","guid":{"rendered":"http:\/\/localhost\/tqeurocredit\/iniciatives\/presentacio-de-projectes\/"},"modified":"2026-07-27T14:13:42","modified_gmt":"2026-07-27T12:13:42","slug":"presentacio-de-projectes","status":"publish","type":"page","link":"https:\/\/www.fundaciofarineragirona.cat\/en\/iniciatives\/presentacio-de-projectes\/","title":{"rendered":"Presentaci\u00f3 de Projectes"},"content":{"rendered":"<p class=\"isSelectedEnd\">The <strong>Presentaci\u00f3 de Projectes<\/strong> is the closing event of the <strong>Programa d&#8217;Emprenedoria<\/strong> of the Fundaci\u00f3 Farinera Girona. It celebrates the journey of the entrepreneurs who have taken part in the programme through several months of training, mentoring, and personalised support.<\/p>\n<p class=\"isSelectedEnd\">During the event, participants present their projects to the audience, sharing their vision, the development of their initiatives, and the challenges they have overcome to transform an idea into a business project with growth potential.<\/p>\n<p class=\"isSelectedEnd\">The <strong>Presentaci\u00f3 de Projectes<\/strong> also serves as a meeting point for entrepreneurs, companies, investors, institutions, and members of the innovation ecosystem, fostering new connections, creating opportunities, and promoting entrepreneurial talent across the Girona region.<\/p>\n<p>With the support of the Departament d&#8217;Empresa i Treball de la Generalitat de Catalunya.<\/p>\n<table class=\" aligncenter\" style=\"border-collapse: collapse; width: 27.978581%; height: 96px;\">\n<tbody>\n<tr>\n<td style=\"width: 100%;\"><img loading=\"lazy\" decoding=\"async\" class=\"aligncenter size-medium wp-image-2553\" src=\"https:\/\/www.fundaciofarineragirona.cat\/wp-content\/uploads\/2026\/07\/empresa_h3-1-450x92.jpg\" alt=\"\" width=\"450\" height=\"92\" srcset=\"https:\/\/www.fundaciofarineragirona.cat\/wp-content\/uploads\/2026\/07\/empresa_h3-1-450x92.jpg 450w, https:\/\/www.fundaciofarineragirona.cat\/wp-content\/uploads\/2026\/07\/empresa_h3-1.jpg 490w\" sizes=\"auto, (max-width: 450px) 100vw, 450px\" \/><\/td>\n<\/tr>\n<\/tbody>\n<\/table>\n","protected":false},"excerpt":{"rendered":"<p>The Presentaci\u00f3 de Projectes is the closing event of the Programa d&#8217;Emprenedoria of the Fundaci\u00f3 Farinera Girona. It celebrates the journey of the entrepreneurs who have taken part in the programme through several months of training, mentoring, and personalised support. During the event, participants present their projects to the audience, sharing their vision, the development [&hellip;]<\/p>\n","protected":false},"author":1,"featured_media":0,"parent":1244,"menu_order":32,"comment_status":"closed","ping_status":"closed","template":"template-pagina.php","meta":{"_acf_changed":false,"inline_featured_image":false,"footnotes":"","_links_to":"","_links_to_target":""},"class_list":["post-1246","page","type-page","status-publish","hentry"],"acf":[],"yoast_head":"<!-- This site is optimized with the Yoast SEO plugin v27.4 - https:\/\/yoast.com\/product\/yoast-seo-wordpress\/ -->\n<title>Presentaci\u00f3 de Projectes - Fundaci\u00f3 Farinera Girona<\/title>\n<meta name=\"robots\" content=\"index, follow, max-snippet:-1, max-image-preview:large, max-video-preview:-1\" \/>\n<link rel=\"canonical\" href=\"https:\/\/www.fundaciofarineragirona.cat\/en\/iniciatives\/presentacio-de-projectes\/\" \/>\n<meta property=\"og:locale\" content=\"en_US\" \/>\n<meta property=\"og:type\" content=\"article\" \/>\n<meta property=\"og:title\" content=\"Presentaci\u00f3 de Projectes - Fundaci\u00f3 Farinera Girona\" \/>\n<meta property=\"og:description\" content=\"The Presentaci\u00f3 de Projectes is the closing event of the Programa d&#8217;Emprenedoria of the Fundaci\u00f3 Farinera Girona. It celebrates the journey of the entrepreneurs who have taken part in the programme through several months of training, mentoring, and personalised support. During the event, participants present their projects to the audience, sharing their vision, the development [&hellip;]\" \/>\n<meta property=\"og:url\" content=\"https:\/\/www.fundaciofarineragirona.cat\/en\/iniciatives\/presentacio-de-projectes\/\" \/>\n<meta property=\"og:site_name\" content=\"Fundaci\u00f3 Farinera Girona\" \/>\n<meta property=\"article:modified_time\" content=\"2026-07-27T12:13:42+00:00\" \/>\n<meta property=\"og:image\" content=\"https:\/\/www.fundaciofarineragirona.cat\/wp-content\/uploads\/2026\/07\/empresa_h3-1.jpg\" \/>\n\t<meta property=\"og:image:width\" content=\"490\" \/>\n\t<meta property=\"og:image:height\" content=\"100\" \/>\n\t<meta property=\"og:image:type\" content=\"image\/jpeg\" \/>\n<meta name=\"twitter:card\" content=\"summary_large_image\" \/>\n<meta name=\"twitter:label1\" content=\"Est. reading time\" \/>\n\t<meta name=\"twitter:data1\" content=\"1 minute\" \/>\n<script type=\"application\/ld+json\" class=\"yoast-schema-graph\">{\"@context\":\"https:\\\/\\\/schema.org\",\"@graph\":[{\"@type\":\"WebPage\",\"@id\":\"https:\\\/\\\/www.fundaciofarineragirona.cat\\\/en\\\/iniciatives\\\/presentacio-de-projectes\\\/\",\"url\":\"https:\\\/\\\/www.fundaciofarineragirona.cat\\\/en\\\/iniciatives\\\/presentacio-de-projectes\\\/\",\"name\":\"Presentaci\u00f3 de Projectes - Fundaci\u00f3 Farinera Girona\",\"isPartOf\":{\"@id\":\"https:\\\/\\\/www.fundaciofarineragirona.cat\\\/en\\\/#website\"},\"primaryImageOfPage\":{\"@id\":\"https:\\\/\\\/www.fundaciofarineragirona.cat\\\/en\\\/iniciatives\\\/presentacio-de-projectes\\\/#primaryimage\"},\"image\":{\"@id\":\"https:\\\/\\\/www.fundaciofarineragirona.cat\\\/en\\\/iniciatives\\\/presentacio-de-projectes\\\/#primaryimage\"},\"thumbnailUrl\":\"https:\\\/\\\/www.fundaciofarineragirona.cat\\\/wp-content\\\/uploads\\\/2026\\\/07\\\/empresa_h3-1-450x92.jpg\",\"datePublished\":\"2026-01-08T20:07:22+00:00\",\"dateModified\":\"2026-07-27T12:13:42+00:00\",\"breadcrumb\":{\"@id\":\"https:\\\/\\\/www.fundaciofarineragirona.cat\\\/en\\\/iniciatives\\\/presentacio-de-projectes\\\/#breadcrumb\"},\"inLanguage\":\"en-US\",\"potentialAction\":[{\"@type\":\"ReadAction\",\"target\":[\"https:\\\/\\\/www.fundaciofarineragirona.cat\\\/en\\\/iniciatives\\\/presentacio-de-projectes\\\/\"]}]},{\"@type\":\"ImageObject\",\"inLanguage\":\"en-US\",\"@id\":\"https:\\\/\\\/www.fundaciofarineragirona.cat\\\/en\\\/iniciatives\\\/presentacio-de-projectes\\\/#primaryimage\",\"url\":\"https:\\\/\\\/www.fundaciofarineragirona.cat\\\/wp-content\\\/uploads\\\/2026\\\/07\\\/empresa_h3-1-450x92.jpg\",\"contentUrl\":\"https:\\\/\\\/www.fundaciofarineragirona.cat\\\/wp-content\\\/uploads\\\/2026\\\/07\\\/empresa_h3-1-450x92.jpg\"},{\"@type\":\"BreadcrumbList\",\"@id\":\"https:\\\/\\\/www.fundaciofarineragirona.cat\\\/en\\\/iniciatives\\\/presentacio-de-projectes\\\/#breadcrumb\",\"itemListElement\":[{\"@type\":\"ListItem\",\"position\":1,\"name\":\"Inici\",\"item\":\"https:\\\/\\\/www.fundaciofarineragirona.cat\\\/en\\\/\"},{\"@type\":\"ListItem\",\"position\":2,\"name\":\"Initiatives\",\"item\":\"\\\/\"},{\"@type\":\"ListItem\",\"position\":3,\"name\":\"Presentaci\u00f3 de Projectes\"}]},{\"@type\":\"WebSite\",\"@id\":\"https:\\\/\\\/www.fundaciofarineragirona.cat\\\/en\\\/#website\",\"url\":\"https:\\\/\\\/www.fundaciofarineragirona.cat\\\/en\\\/\",\"name\":\"Fundaci\u00f3 Farinera Girona\",\"description\":\"Impulsem talent, transformem territori\",\"potentialAction\":[{\"@type\":\"SearchAction\",\"target\":{\"@type\":\"EntryPoint\",\"urlTemplate\":\"https:\\\/\\\/www.fundaciofarineragirona.cat\\\/en\\\/?s={search_term_string}\"},\"query-input\":{\"@type\":\"PropertyValueSpecification\",\"valueRequired\":true,\"valueName\":\"search_term_string\"}}],\"inLanguage\":\"en-US\"}]}<\/script>\n<!-- \/ Yoast SEO plugin. -->","yoast_head_json":{"title":"Presentaci\u00f3 de Projectes - Fundaci\u00f3 Farinera Girona","robots":{"index":"index","follow":"follow","max-snippet":"max-snippet:-1","max-image-preview":"max-image-preview:large","max-video-preview":"max-video-preview:-1"},"canonical":"https:\/\/www.fundaciofarineragirona.cat\/en\/iniciatives\/presentacio-de-projectes\/","og_locale":"en_US","og_type":"article","og_title":"Presentaci\u00f3 de Projectes - Fundaci\u00f3 Farinera Girona","og_description":"The Presentaci\u00f3 de Projectes is the closing event of the Programa d&#8217;Emprenedoria of the Fundaci\u00f3 Farinera Girona. It celebrates the journey of the entrepreneurs who have taken part in the programme through several months of training, mentoring, and personalised support. During the event, participants present their projects to the audience, sharing their vision, the development [&hellip;]","og_url":"https:\/\/www.fundaciofarineragirona.cat\/en\/iniciatives\/presentacio-de-projectes\/","og_site_name":"Fundaci\u00f3 Farinera Girona","article_modified_time":"2026-07-27T12:13:42+00:00","og_image":[{"width":490,"height":100,"url":"https:\/\/www.fundaciofarineragirona.cat\/wp-content\/uploads\/2026\/07\/empresa_h3-1.jpg","type":"image\/jpeg"}],"twitter_card":"summary_large_image","twitter_misc":{"Est. reading time":"1 minute"},"schema":{"@context":"https:\/\/schema.org","@graph":[{"@type":"WebPage","@id":"https:\/\/www.fundaciofarineragirona.cat\/en\/iniciatives\/presentacio-de-projectes\/","url":"https:\/\/www.fundaciofarineragirona.cat\/en\/iniciatives\/presentacio-de-projectes\/","name":"Presentaci\u00f3 de Projectes - Fundaci\u00f3 Farinera Girona","isPartOf":{"@id":"https:\/\/www.fundaciofarineragirona.cat\/en\/#website"},"primaryImageOfPage":{"@id":"https:\/\/www.fundaciofarineragirona.cat\/en\/iniciatives\/presentacio-de-projectes\/#primaryimage"},"image":{"@id":"https:\/\/www.fundaciofarineragirona.cat\/en\/iniciatives\/presentacio-de-projectes\/#primaryimage"},"thumbnailUrl":"https:\/\/www.fundaciofarineragirona.cat\/wp-content\/uploads\/2026\/07\/empresa_h3-1-450x92.jpg","datePublished":"2026-01-08T20:07:22+00:00","dateModified":"2026-07-27T12:13:42+00:00","breadcrumb":{"@id":"https:\/\/www.fundaciofarineragirona.cat\/en\/iniciatives\/presentacio-de-projectes\/#breadcrumb"},"inLanguage":"en-US","potentialAction":[{"@type":"ReadAction","target":["https:\/\/www.fundaciofarineragirona.cat\/en\/iniciatives\/presentacio-de-projectes\/"]}]},{"@type":"ImageObject","inLanguage":"en-US","@id":"https:\/\/www.fundaciofarineragirona.cat\/en\/iniciatives\/presentacio-de-projectes\/#primaryimage","url":"https:\/\/www.fundaciofarineragirona.cat\/wp-content\/uploads\/2026\/07\/empresa_h3-1-450x92.jpg","contentUrl":"https:\/\/www.fundaciofarineragirona.cat\/wp-content\/uploads\/2026\/07\/empresa_h3-1-450x92.jpg"},{"@type":"BreadcrumbList","@id":"https:\/\/www.fundaciofarineragirona.cat\/en\/iniciatives\/presentacio-de-projectes\/#breadcrumb","itemListElement":[{"@type":"ListItem","position":1,"name":"Inici","item":"https:\/\/www.fundaciofarineragirona.cat\/en\/"},{"@type":"ListItem","position":2,"name":"Initiatives","item":"\/"},{"@type":"ListItem","position":3,"name":"Presentaci\u00f3 de Projectes"}]},{"@type":"WebSite","@id":"https:\/\/www.fundaciofarineragirona.cat\/en\/#website","url":"https:\/\/www.fundaciofarineragirona.cat\/en\/","name":"Fundaci\u00f3 Farinera Girona","description":"Impulsem talent, transformem territori","potentialAction":[{"@type":"SearchAction","target":{"@type":"EntryPoint","urlTemplate":"https:\/\/www.fundaciofarineragirona.cat\/en\/?s={search_term_string}"},"query-input":{"@type":"PropertyValueSpecification","valueRequired":true,"valueName":"search_term_string"}}],"inLanguage":"en-US"}]}},"_links":{"self":[{"href":"https:\/\/www.fundaciofarineragirona.cat\/en\/wp-json\/wp\/v2\/pages\/1246","targetHints":{"allow":["GET"]}}],"collection":[{"href":"https:\/\/www.fundaciofarineragirona.cat\/en\/wp-json\/wp\/v2\/pages"}],"about":[{"href":"https:\/\/www.fundaciofarineragirona.cat\/en\/wp-json\/wp\/v2\/types\/page"}],"author":[{"embeddable":true,"href":"https:\/\/www.fundaciofarineragirona.cat\/en\/wp-json\/wp\/v2\/users\/1"}],"replies":[{"embeddable":true,"href":"https:\/\/www.fundaciofarineragirona.cat\/en\/wp-json\/wp\/v2\/comments?post=1246"}],"version-history":[{"count":6,"href":"https:\/\/www.fundaciofarineragirona.cat\/en\/wp-json\/wp\/v2\/pages\/1246\/revisions"}],"predecessor-version":[{"id":2554,"href":"https:\/\/www.fundaciofarineragirona.cat\/en\/wp-json\/wp\/v2\/pages\/1246\/revisions\/2554"}],"up":[{"embeddable":true,"href":"https:\/\/www.fundaciofarineragirona.cat\/en\/wp-json\/wp\/v2\/pages\/1244"}],"wp:attachment":[{"href":"https:\/\/www.fundaciofarineragirona.cat\/en\/wp-json\/wp\/v2\/media?parent=1246"}],"curies":[{"name":"wp","href":"https:\/\/api.w.org\/{rel}","templated":true}]}}

Presentació de Projectes

<p class="isSelectedEnd">The <strong>Presentació de Projectes</strong> is the closing event of the <strong>Programa d&#8217;Emprenedoria</strong> of the Fundació Farinera Girona. It celebrates the journey of the entrepreneurs who have taken part in the programme through several months of training, mentoring, and personalised support.</p>
<p class="isSelectedEnd">During the event, participants present their projects to the audience, sharing their vision, the development of their initiatives, and the challenges they have overcome to transform an idea into a business project with growth potential.</p>
<p class="isSelectedEnd">The <strong>Presentació de Projectes</strong> also serves as a meeting point for entrepreneurs, companies, investors, institutions, and members of the innovation ecosystem, fostering new connections, creating opportunities, and promoting entrepreneurial talent across the Girona region.</p>
<p>With the support of the Departament d&#8217;Empresa i Treball de la Generalitat de Catalunya.</p>
<table class=" aligncenter" style="border-collapse: collapse; width: 27.978581%; height: 96px;">
<tbody>
<tr>
<td style="width: 100%;"><img loading="lazy" decoding="async" class="aligncenter size-medium wp-image-2553" src="https://www.fundaciofarineragirona.cat/wp-content/uploads/2026/07/empresa_h3-1-450x92.jpg" alt="" width="450" height="92" srcset="https://www.fundaciofarineragirona.cat/wp-content/uploads/2026/07/empresa_h3-1-450x92.jpg 450w, https://www.fundaciofarineragirona.cat/wp-content/uploads/2026/07/empresa_h3-1.jpg 490w" sizes="auto, (max-width: 450px) 100vw, 450px" /></td>
</tr>
</tbody>
</table>

<p>The Presentació de Projectes is the closing event of the Programa d&#8217;Emprenedoria of the Fundació Farinera Girona. It celebrates the journey of the entrepreneurs who have taken part in the programme through several months of training, mentoring, and personalised support. During the event, participants present their projects to the audience, sharing their vision, the development [&hellip;]</p>

<!-- This site is optimized with the Yoast SEO plugin v27.4 - https://yoast.com/product/yoast-seo-wordpress/ -->
<title>Presentació de Projectes - Fundació Farinera Girona</title>
<meta name="robots" content="index, follow, max-snippet:-1, max-image-preview:large, max-video-preview:-1" />
<link rel="canonical" href="https://www.fundaciofarineragirona.cat/en/iniciatives/presentacio-de-projectes/" />
<meta property="og:locale" content="en_US" />
<meta property="og:type" content="article" />
<meta property="og:title" content="Presentació de Projectes - Fundació Farinera Girona" />
<meta property="og:description" content="The Presentació de Projectes is the closing event of the Programa d&#8217;Emprenedoria of the Fundació Farinera Girona. It celebrates the journey of the entrepreneurs who have taken part in the programme through several months of training, mentoring, and personalised support. During the event, participants present their projects to the audience, sharing their vision, the development [&hellip;]" />
<meta property="og:url" content="https://www.fundaciofarineragirona.cat/en/iniciatives/presentacio-de-projectes/" />
<meta property="og:site_name" content="Fundació Farinera Girona" />
<meta property="article:modified_time" content="2026-07-27T12:13:42+00:00" />
<meta property="og:image" content="https://www.fundaciofarineragirona.cat/wp-content/uploads/2026/07/empresa_h3-1.jpg" />
	<meta property="og:image:width" content="490" />
	<meta property="og:image:height" content="100" />
	<meta property="og:image:type" content="image/jpeg" />
<meta name="twitter:card" content="summary_large_image" />
<meta name="twitter:label1" content="Est. reading time" />
	<meta name="twitter:data1" content="1 minute" />
<script type="application/ld+json" class="yoast-schema-graph">{"@context":"https:\/\/schema.org","@graph":[{"@type":"WebPage","@id":"https:\/\/www.fundaciofarineragirona.cat\/en\/iniciatives\/presentacio-de-projectes\/","url":"https:\/\/www.fundaciofarineragirona.cat\/en\/iniciatives\/presentacio-de-projectes\/","name":"Presentació de Projectes - Fundació Farinera Girona","isPartOf":{"@id":"https:\/\/www.fundaciofarineragirona.cat\/en\/#website"},"primaryImageOfPage":{"@id":"https:\/\/www.fundaciofarineragirona.cat\/en\/iniciatives\/presentacio-de-projectes\/#primaryimage"},"image":{"@id":"https:\/\/www.fundaciofarineragirona.cat\/en\/iniciatives\/presentacio-de-projectes\/#primaryimage"},"thumbnailUrl":"https:\/\/www.fundaciofarineragirona.cat\/wp-content\/uploads\/2026\/07\/empresa_h3-1-450x92.jpg","datePublished":"2026-01-08T20:07:22+00:00","dateModified":"2026-07-27T12:13:42+00:00","breadcrumb":{"@id":"https:\/\/www.fundaciofarineragirona.cat\/en\/iniciatives\/presentacio-de-projectes\/#breadcrumb"},"inLanguage":"en-US","potentialAction":[{"@type":"ReadAction","target":["https:\/\/www.fundaciofarineragirona.cat\/en\/iniciatives\/presentacio-de-projectes\/"]}]},{"@type":"ImageObject","inLanguage":"en-US","@id":"https:\/\/www.fundaciofarineragirona.cat\/en\/iniciatives\/presentacio-de-projectes\/#primaryimage","url":"https:\/\/www.fundaciofarineragirona.cat\/wp-content\/uploads\/2026\/07\/empresa_h3-1-450x92.jpg","contentUrl":"https:\/\/www.fundaciofarineragirona.cat\/wp-content\/uploads\/2026\/07\/empresa_h3-1-450x92.jpg"},{"@type":"BreadcrumbList","@id":"https:\/\/www.fundaciofarineragirona.cat\/en\/iniciatives\/presentacio-de-projectes\/#breadcrumb","itemListElement":[{"@type":"ListItem","position":1,"name":"Inici","item":"https:\/\/www.fundaciofarineragirona.cat\/en\/"},{"@type":"ListItem","position":2,"name":"Initiatives","item":"\/"},{"@type":"ListItem","position":3,"name":"Presentació de Projectes"}]},{"@type":"WebSite","@id":"https:\/\/www.fundaciofarineragirona.cat\/en\/#website","url":"https:\/\/www.fundaciofarineragirona.cat\/en\/","name":"Fundació Farinera Girona","description":"Impulsem talent, transformem territori","potentialAction":[{"@type":"SearchAction","target":{"@type":"EntryPoint","urlTemplate":"https:\/\/www.fundaciofarineragirona.cat\/en\/?s={search_term_string}"},"query-input":{"@type":"PropertyValueSpecification","valueRequired":true,"valueName":"search_term_string"}}],"inLanguage":"en-US"}]}</script>
<!-- / Yoast SEO plugin. -->

Presentació de Projectes - Fundació Farinera Girona

The Presentació de Projectes is the closing event of the Programa d&#8217;Emprenedoria of the Fundació Farinera Girona. It celebrates the journey of the entrepreneurs who have taken part in the programme through several months of training, mentoring, and personalised support. During the event, participants present their projects to the audience, sharing their vision, the development [&hellip;]

Fundació Farinera Girona
