{"id":986,"date":"2026-01-08T22:07:22","date_gmt":"2026-01-08T20:07:22","guid":{"rendered":"https:\/\/www.fundaciofarineragirona.cat\/?page_id=986"},"modified":"2026-07-27T14:12:00","modified_gmt":"2026-07-27T12:12:00","slug":"presentacio-de-projectes","status":"publish","type":"page","link":"https:\/\/www.fundaciofarineragirona.cat\/ca\/iniciatives\/presentacio-de-projectes\/","title":{"rendered":"Presentaci\u00f3 de Projectes"},"content":{"rendered":"<p class=\"isSelectedEnd\">La <strong>Presentaci\u00f3 de Projectes<\/strong> \u00e9s l&#8217;acte de cloenda del <strong>Programa d&#8217;Emprenedoria<\/strong> de la Fundaci\u00f3 Farinera Girona, una jornada que posa en valor el recorregut dels emprenedors i emprenedores que han participat en el programa al llarg de diversos mesos de formaci\u00f3, mentoratge i acompanyament personalitzat.<\/p>\n<p class=\"isSelectedEnd\">Durant l&#8217;esdeveniment, els participants presenten els seus projectes davant del p\u00fablic, compartint la seva visi\u00f3, el proc\u00e9s de desenvolupament de la seva iniciativa i els reptes que han afrontat per transformar una idea en un projecte empresarial amb potencial de creixement.<\/p>\n<p class=\"isSelectedEnd\">La Presentaci\u00f3 de Projectes \u00e9s tamb\u00e9 un espai de trobada entre emprenedors, empreses, inversors, institucions i agents de l&#8217;ecosistema d&#8217;innovaci\u00f3, que afavoreix la creaci\u00f3 de noves connexions, la generaci\u00f3 d&#8217;oportunitats i la promoci\u00f3 del talent emprenedor de les comarques gironines.<\/p>\n<p>Amb el suport del Departament d&#8217;Empresa i Treball de la Generalitat de Catalunya.<\/p>\n<table class=\" aligncenter\" style=\"border-collapse: collapse; width: 29.027368%; height: 57px;\">\n<tbody>\n<tr>\n<td style=\"width: 100%;\"><img loading=\"lazy\" decoding=\"async\" class=\"wp-image-2549 aligncenter\" src=\"https:\/\/www.fundaciofarineragirona.cat\/wp-content\/uploads\/2026\/07\/empresa_h3-1-450x92.jpg\" alt=\"\" width=\"196\" height=\"40\" srcset=\"https:\/\/www.fundaciofarineragirona.cat\/wp-content\/uploads\/2026\/07\/empresa_h3-1-450x92.jpg 450w, https:\/\/www.fundaciofarineragirona.cat\/wp-content\/uploads\/2026\/07\/empresa_h3-1.jpg 490w\" sizes=\"auto, (max-width: 196px) 100vw, 196px\" \/><\/td>\n<\/tr>\n<\/tbody>\n<\/table>\n","protected":false},"excerpt":{"rendered":"<p>La Presentaci\u00f3 de Projectes \u00e9s l&#8217;acte de cloenda del Programa d&#8217;Emprenedoria de la Fundaci\u00f3 Farinera Girona, una jornada que posa en valor el recorregut dels emprenedors i emprenedores que han participat en el programa al llarg de diversos mesos de formaci\u00f3, mentoratge i acompanyament personalitzat. Durant l&#8217;esdeveniment, els participants presenten els seus projectes davant del [&hellip;]<\/p>\n","protected":false},"author":1,"featured_media":0,"parent":272,"menu_order":32,"comment_status":"closed","ping_status":"closed","template":"template-pagina.php","meta":{"_acf_changed":false,"inline_featured_image":false,"footnotes":"","_links_to":"","_links_to_target":""},"class_list":["post-986","page","type-page","status-publish","hentry"],"acf":[],"yoast_head":"<!-- This site is optimized with the Yoast SEO plugin v27.4 - https:\/\/yoast.com\/product\/yoast-seo-wordpress\/ -->\n<title>Presentaci\u00f3 de Projectes - Fundaci\u00f3 Farinera Girona<\/title>\n<meta name=\"robots\" content=\"index, follow, max-snippet:-1, max-image-preview:large, max-video-preview:-1\" \/>\n<link rel=\"canonical\" href=\"https:\/\/www.fundaciofarineragirona.cat\/ca\/iniciatives\/presentacio-de-projectes\/\" \/>\n<meta property=\"og:locale\" content=\"ca_ES\" \/>\n<meta property=\"og:type\" content=\"article\" \/>\n<meta property=\"og:title\" content=\"Presentaci\u00f3 de Projectes - Fundaci\u00f3 Farinera Girona\" \/>\n<meta property=\"og:description\" content=\"La Presentaci\u00f3 de Projectes \u00e9s l&#8217;acte de cloenda del Programa d&#8217;Emprenedoria de la Fundaci\u00f3 Farinera Girona, una jornada que posa en valor el recorregut dels emprenedors i emprenedores que han participat en el programa al llarg de diversos mesos de formaci\u00f3, mentoratge i acompanyament personalitzat. Durant l&#8217;esdeveniment, els participants presenten els seus projectes davant del [&hellip;]\" \/>\n<meta property=\"og:url\" content=\"https:\/\/www.fundaciofarineragirona.cat\/ca\/iniciatives\/presentacio-de-projectes\/\" \/>\n<meta property=\"og:site_name\" content=\"Fundaci\u00f3 Farinera Girona\" \/>\n<meta property=\"article:modified_time\" content=\"2026-07-27T12:12:00+00:00\" \/>\n<meta property=\"og:image\" content=\"https:\/\/www.fundaciofarineragirona.cat\/wp-content\/uploads\/2026\/07\/empresa_h3-1.jpg\" \/>\n\t<meta property=\"og:image:width\" content=\"490\" \/>\n\t<meta property=\"og:image:height\" content=\"100\" \/>\n\t<meta property=\"og:image:type\" content=\"image\/jpeg\" \/>\n<meta name=\"twitter:card\" content=\"summary_large_image\" \/>\n<meta name=\"twitter:label1\" content=\"Temps estimat de lectura\" \/>\n\t<meta name=\"twitter:data1\" content=\"1 minut\" \/>\n<script type=\"application\/ld+json\" class=\"yoast-schema-graph\">{\"@context\":\"https:\\\/\\\/schema.org\",\"@graph\":[{\"@type\":\"WebPage\",\"@id\":\"https:\\\/\\\/www.fundaciofarineragirona.cat\\\/ca\\\/iniciatives\\\/presentacio-de-projectes\\\/\",\"url\":\"https:\\\/\\\/www.fundaciofarineragirona.cat\\\/ca\\\/iniciatives\\\/presentacio-de-projectes\\\/\",\"name\":\"Presentaci\u00f3 de Projectes - Fundaci\u00f3 Farinera Girona\",\"isPartOf\":{\"@id\":\"https:\\\/\\\/www.fundaciofarineragirona.cat\\\/ca\\\/#website\"},\"primaryImageOfPage\":{\"@id\":\"https:\\\/\\\/www.fundaciofarineragirona.cat\\\/ca\\\/iniciatives\\\/presentacio-de-projectes\\\/#primaryimage\"},\"image\":{\"@id\":\"https:\\\/\\\/www.fundaciofarineragirona.cat\\\/ca\\\/iniciatives\\\/presentacio-de-projectes\\\/#primaryimage\"},\"thumbnailUrl\":\"https:\\\/\\\/www.fundaciofarineragirona.cat\\\/wp-content\\\/uploads\\\/2026\\\/07\\\/empresa_h3-1-450x92.jpg\",\"datePublished\":\"2026-01-08T20:07:22+00:00\",\"dateModified\":\"2026-07-27T12:12:00+00:00\",\"breadcrumb\":{\"@id\":\"https:\\\/\\\/www.fundaciofarineragirona.cat\\\/ca\\\/iniciatives\\\/presentacio-de-projectes\\\/#breadcrumb\"},\"inLanguage\":\"ca\",\"potentialAction\":[{\"@type\":\"ReadAction\",\"target\":[\"https:\\\/\\\/www.fundaciofarineragirona.cat\\\/ca\\\/iniciatives\\\/presentacio-de-projectes\\\/\"]}]},{\"@type\":\"ImageObject\",\"inLanguage\":\"ca\",\"@id\":\"https:\\\/\\\/www.fundaciofarineragirona.cat\\\/ca\\\/iniciatives\\\/presentacio-de-projectes\\\/#primaryimage\",\"url\":\"https:\\\/\\\/www.fundaciofarineragirona.cat\\\/wp-content\\\/uploads\\\/2026\\\/07\\\/empresa_h3-1-450x92.jpg\",\"contentUrl\":\"https:\\\/\\\/www.fundaciofarineragirona.cat\\\/wp-content\\\/uploads\\\/2026\\\/07\\\/empresa_h3-1-450x92.jpg\"},{\"@type\":\"BreadcrumbList\",\"@id\":\"https:\\\/\\\/www.fundaciofarineragirona.cat\\\/ca\\\/iniciatives\\\/presentacio-de-projectes\\\/#breadcrumb\",\"itemListElement\":[{\"@type\":\"ListItem\",\"position\":1,\"name\":\"Inici\",\"item\":\"https:\\\/\\\/www.fundaciofarineragirona.cat\\\/ca\\\/\"},{\"@type\":\"ListItem\",\"position\":2,\"name\":\"Iniciatives\",\"item\":\"\\\/\"},{\"@type\":\"ListItem\",\"position\":3,\"name\":\"Presentaci\u00f3 de Projectes\"}]},{\"@type\":\"WebSite\",\"@id\":\"https:\\\/\\\/www.fundaciofarineragirona.cat\\\/ca\\\/#website\",\"url\":\"https:\\\/\\\/www.fundaciofarineragirona.cat\\\/ca\\\/\",\"name\":\"Fundaci\u00f3 Farinera Girona\",\"description\":\"Impulsem talent, transformem territori\",\"potentialAction\":[{\"@type\":\"SearchAction\",\"target\":{\"@type\":\"EntryPoint\",\"urlTemplate\":\"https:\\\/\\\/www.fundaciofarineragirona.cat\\\/ca\\\/?s={search_term_string}\"},\"query-input\":{\"@type\":\"PropertyValueSpecification\",\"valueRequired\":true,\"valueName\":\"search_term_string\"}}],\"inLanguage\":\"ca\"}]}<\/script>\n<!-- \/ Yoast SEO plugin. -->","yoast_head_json":{"title":"Presentaci\u00f3 de Projectes - Fundaci\u00f3 Farinera Girona","robots":{"index":"index","follow":"follow","max-snippet":"max-snippet:-1","max-image-preview":"max-image-preview:large","max-video-preview":"max-video-preview:-1"},"canonical":"https:\/\/www.fundaciofarineragirona.cat\/ca\/iniciatives\/presentacio-de-projectes\/","og_locale":"ca_ES","og_type":"article","og_title":"Presentaci\u00f3 de Projectes - Fundaci\u00f3 Farinera Girona","og_description":"La Presentaci\u00f3 de Projectes \u00e9s l&#8217;acte de cloenda del Programa d&#8217;Emprenedoria de la Fundaci\u00f3 Farinera Girona, una jornada que posa en valor el recorregut dels emprenedors i emprenedores que han participat en el programa al llarg de diversos mesos de formaci\u00f3, mentoratge i acompanyament personalitzat. Durant l&#8217;esdeveniment, els participants presenten els seus projectes davant del [&hellip;]","og_url":"https:\/\/www.fundaciofarineragirona.cat\/ca\/iniciatives\/presentacio-de-projectes\/","og_site_name":"Fundaci\u00f3 Farinera Girona","article_modified_time":"2026-07-27T12:12:00+00:00","og_image":[{"width":490,"height":100,"url":"https:\/\/www.fundaciofarineragirona.cat\/wp-content\/uploads\/2026\/07\/empresa_h3-1.jpg","type":"image\/jpeg"}],"twitter_card":"summary_large_image","twitter_misc":{"Temps estimat de lectura":"1 minut"},"schema":{"@context":"https:\/\/schema.org","@graph":[{"@type":"WebPage","@id":"https:\/\/www.fundaciofarineragirona.cat\/ca\/iniciatives\/presentacio-de-projectes\/","url":"https:\/\/www.fundaciofarineragirona.cat\/ca\/iniciatives\/presentacio-de-projectes\/","name":"Presentaci\u00f3 de Projectes - Fundaci\u00f3 Farinera Girona","isPartOf":{"@id":"https:\/\/www.fundaciofarineragirona.cat\/ca\/#website"},"primaryImageOfPage":{"@id":"https:\/\/www.fundaciofarineragirona.cat\/ca\/iniciatives\/presentacio-de-projectes\/#primaryimage"},"image":{"@id":"https:\/\/www.fundaciofarineragirona.cat\/ca\/iniciatives\/presentacio-de-projectes\/#primaryimage"},"thumbnailUrl":"https:\/\/www.fundaciofarineragirona.cat\/wp-content\/uploads\/2026\/07\/empresa_h3-1-450x92.jpg","datePublished":"2026-01-08T20:07:22+00:00","dateModified":"2026-07-27T12:12:00+00:00","breadcrumb":{"@id":"https:\/\/www.fundaciofarineragirona.cat\/ca\/iniciatives\/presentacio-de-projectes\/#breadcrumb"},"inLanguage":"ca","potentialAction":[{"@type":"ReadAction","target":["https:\/\/www.fundaciofarineragirona.cat\/ca\/iniciatives\/presentacio-de-projectes\/"]}]},{"@type":"ImageObject","inLanguage":"ca","@id":"https:\/\/www.fundaciofarineragirona.cat\/ca\/iniciatives\/presentacio-de-projectes\/#primaryimage","url":"https:\/\/www.fundaciofarineragirona.cat\/wp-content\/uploads\/2026\/07\/empresa_h3-1-450x92.jpg","contentUrl":"https:\/\/www.fundaciofarineragirona.cat\/wp-content\/uploads\/2026\/07\/empresa_h3-1-450x92.jpg"},{"@type":"BreadcrumbList","@id":"https:\/\/www.fundaciofarineragirona.cat\/ca\/iniciatives\/presentacio-de-projectes\/#breadcrumb","itemListElement":[{"@type":"ListItem","position":1,"name":"Inici","item":"https:\/\/www.fundaciofarineragirona.cat\/ca\/"},{"@type":"ListItem","position":2,"name":"Iniciatives","item":"\/"},{"@type":"ListItem","position":3,"name":"Presentaci\u00f3 de Projectes"}]},{"@type":"WebSite","@id":"https:\/\/www.fundaciofarineragirona.cat\/ca\/#website","url":"https:\/\/www.fundaciofarineragirona.cat\/ca\/","name":"Fundaci\u00f3 Farinera Girona","description":"Impulsem talent, transformem territori","potentialAction":[{"@type":"SearchAction","target":{"@type":"EntryPoint","urlTemplate":"https:\/\/www.fundaciofarineragirona.cat\/ca\/?s={search_term_string}"},"query-input":{"@type":"PropertyValueSpecification","valueRequired":true,"valueName":"search_term_string"}}],"inLanguage":"ca"}]}},"_links":{"self":[{"href":"https:\/\/www.fundaciofarineragirona.cat\/ca\/wp-json\/wp\/v2\/pages\/986","targetHints":{"allow":["GET"]}}],"collection":[{"href":"https:\/\/www.fundaciofarineragirona.cat\/ca\/wp-json\/wp\/v2\/pages"}],"about":[{"href":"https:\/\/www.fundaciofarineragirona.cat\/ca\/wp-json\/wp\/v2\/types\/page"}],"author":[{"embeddable":true,"href":"https:\/\/www.fundaciofarineragirona.cat\/ca\/wp-json\/wp\/v2\/users\/1"}],"replies":[{"embeddable":true,"href":"https:\/\/www.fundaciofarineragirona.cat\/ca\/wp-json\/wp\/v2\/comments?post=986"}],"version-history":[{"count":17,"href":"https:\/\/www.fundaciofarineragirona.cat\/ca\/wp-json\/wp\/v2\/pages\/986\/revisions"}],"predecessor-version":[{"id":2550,"href":"https:\/\/www.fundaciofarineragirona.cat\/ca\/wp-json\/wp\/v2\/pages\/986\/revisions\/2550"}],"up":[{"embeddable":true,"href":"https:\/\/www.fundaciofarineragirona.cat\/ca\/wp-json\/wp\/v2\/pages\/272"}],"wp:attachment":[{"href":"https:\/\/www.fundaciofarineragirona.cat\/ca\/wp-json\/wp\/v2\/media?parent=986"}],"curies":[{"name":"wp","href":"https:\/\/api.w.org\/{rel}","templated":true}]}}

Presentació de Projectes

<p class="isSelectedEnd">La <strong>Presentació de Projectes</strong> és l&#8217;acte de cloenda del <strong>Programa d&#8217;Emprenedoria</strong> de la Fundació Farinera Girona, una jornada que posa en valor el recorregut dels emprenedors i emprenedores que han participat en el programa al llarg de diversos mesos de formació, mentoratge i acompanyament personalitzat.</p>
<p class="isSelectedEnd">Durant l&#8217;esdeveniment, els participants presenten els seus projectes davant del públic, compartint la seva visió, el procés de desenvolupament de la seva iniciativa i els reptes que han afrontat per transformar una idea en un projecte empresarial amb potencial de creixement.</p>
<p class="isSelectedEnd">La Presentació de Projectes és també un espai de trobada entre emprenedors, empreses, inversors, institucions i agents de l&#8217;ecosistema d&#8217;innovació, que afavoreix la creació de noves connexions, la generació d&#8217;oportunitats i la promoció del talent emprenedor de les comarques gironines.</p>
<p>Amb el suport del Departament d&#8217;Empresa i Treball de la Generalitat de Catalunya.</p>
<table class=" aligncenter" style="border-collapse: collapse; width: 29.027368%; height: 57px;">
<tbody>
<tr>
<td style="width: 100%;"><img loading="lazy" decoding="async" class="wp-image-2549 aligncenter" src="https://www.fundaciofarineragirona.cat/wp-content/uploads/2026/07/empresa_h3-1-450x92.jpg" alt="" width="196" height="40" srcset="https://www.fundaciofarineragirona.cat/wp-content/uploads/2026/07/empresa_h3-1-450x92.jpg 450w, https://www.fundaciofarineragirona.cat/wp-content/uploads/2026/07/empresa_h3-1.jpg 490w" sizes="auto, (max-width: 196px) 100vw, 196px" /></td>
</tr>
</tbody>
</table>

<p>La Presentació de Projectes és l&#8217;acte de cloenda del Programa d&#8217;Emprenedoria de la Fundació Farinera Girona, una jornada que posa en valor el recorregut dels emprenedors i emprenedores que han participat en el programa al llarg de diversos mesos de formació, mentoratge i acompanyament personalitzat. Durant l&#8217;esdeveniment, els participants presenten els seus projectes davant del [&hellip;]</p>

<!-- This site is optimized with the Yoast SEO plugin v27.4 - https://yoast.com/product/yoast-seo-wordpress/ -->
<title>Presentació de Projectes - Fundació Farinera Girona</title>
<meta name="robots" content="index, follow, max-snippet:-1, max-image-preview:large, max-video-preview:-1" />
<link rel="canonical" href="https://www.fundaciofarineragirona.cat/ca/iniciatives/presentacio-de-projectes/" />
<meta property="og:locale" content="ca_ES" />
<meta property="og:type" content="article" />
<meta property="og:title" content="Presentació de Projectes - Fundació Farinera Girona" />
<meta property="og:description" content="La Presentació de Projectes és l&#8217;acte de cloenda del Programa d&#8217;Emprenedoria de la Fundació Farinera Girona, una jornada que posa en valor el recorregut dels emprenedors i emprenedores que han participat en el programa al llarg de diversos mesos de formació, mentoratge i acompanyament personalitzat. Durant l&#8217;esdeveniment, els participants presenten els seus projectes davant del [&hellip;]" />
<meta property="og:url" content="https://www.fundaciofarineragirona.cat/ca/iniciatives/presentacio-de-projectes/" />
<meta property="og:site_name" content="Fundació Farinera Girona" />
<meta property="article:modified_time" content="2026-07-27T12:12:00+00:00" />
<meta property="og:image" content="https://www.fundaciofarineragirona.cat/wp-content/uploads/2026/07/empresa_h3-1.jpg" />
	<meta property="og:image:width" content="490" />
	<meta property="og:image:height" content="100" />
	<meta property="og:image:type" content="image/jpeg" />
<meta name="twitter:card" content="summary_large_image" />
<meta name="twitter:label1" content="Temps estimat de lectura" />
	<meta name="twitter:data1" content="1 minut" />
<script type="application/ld+json" class="yoast-schema-graph">{"@context":"https:\/\/schema.org","@graph":[{"@type":"WebPage","@id":"https:\/\/www.fundaciofarineragirona.cat\/ca\/iniciatives\/presentacio-de-projectes\/","url":"https:\/\/www.fundaciofarineragirona.cat\/ca\/iniciatives\/presentacio-de-projectes\/","name":"Presentació de Projectes - Fundació Farinera Girona","isPartOf":{"@id":"https:\/\/www.fundaciofarineragirona.cat\/ca\/#website"},"primaryImageOfPage":{"@id":"https:\/\/www.fundaciofarineragirona.cat\/ca\/iniciatives\/presentacio-de-projectes\/#primaryimage"},"image":{"@id":"https:\/\/www.fundaciofarineragirona.cat\/ca\/iniciatives\/presentacio-de-projectes\/#primaryimage"},"thumbnailUrl":"https:\/\/www.fundaciofarineragirona.cat\/wp-content\/uploads\/2026\/07\/empresa_h3-1-450x92.jpg","datePublished":"2026-01-08T20:07:22+00:00","dateModified":"2026-07-27T12:12:00+00:00","breadcrumb":{"@id":"https:\/\/www.fundaciofarineragirona.cat\/ca\/iniciatives\/presentacio-de-projectes\/#breadcrumb"},"inLanguage":"ca","potentialAction":[{"@type":"ReadAction","target":["https:\/\/www.fundaciofarineragirona.cat\/ca\/iniciatives\/presentacio-de-projectes\/"]}]},{"@type":"ImageObject","inLanguage":"ca","@id":"https:\/\/www.fundaciofarineragirona.cat\/ca\/iniciatives\/presentacio-de-projectes\/#primaryimage","url":"https:\/\/www.fundaciofarineragirona.cat\/wp-content\/uploads\/2026\/07\/empresa_h3-1-450x92.jpg","contentUrl":"https:\/\/www.fundaciofarineragirona.cat\/wp-content\/uploads\/2026\/07\/empresa_h3-1-450x92.jpg"},{"@type":"BreadcrumbList","@id":"https:\/\/www.fundaciofarineragirona.cat\/ca\/iniciatives\/presentacio-de-projectes\/#breadcrumb","itemListElement":[{"@type":"ListItem","position":1,"name":"Inici","item":"https:\/\/www.fundaciofarineragirona.cat\/ca\/"},{"@type":"ListItem","position":2,"name":"Iniciatives","item":"\/"},{"@type":"ListItem","position":3,"name":"Presentació de Projectes"}]},{"@type":"WebSite","@id":"https:\/\/www.fundaciofarineragirona.cat\/ca\/#website","url":"https:\/\/www.fundaciofarineragirona.cat\/ca\/","name":"Fundació Farinera Girona","description":"Impulsem talent, transformem territori","potentialAction":[{"@type":"SearchAction","target":{"@type":"EntryPoint","urlTemplate":"https:\/\/www.fundaciofarineragirona.cat\/ca\/?s={search_term_string}"},"query-input":{"@type":"PropertyValueSpecification","valueRequired":true,"valueName":"search_term_string"}}],"inLanguage":"ca"}]}</script>
<!-- / Yoast SEO plugin. -->

Presentació de Projectes - Fundació Farinera Girona

La Presentació de Projectes és l&#8217;acte de cloenda del Programa d&#8217;Emprenedoria de la Fundació Farinera Girona, una jornada que posa en valor el recorregut dels emprenedors i emprenedores que han participat en el programa al llarg de diversos mesos de formació, mentoratge i acompanyament personalitzat. Durant l&#8217;esdeveniment, els participants presenten els seus projectes davant del [&hellip;]

Fundació Farinera Girona
